 by 912.
899
What is the remainder when 28879104 is divided by 5775820?
4
What is the remainder when 17039046 is divided by 350?
346
Calculate the remainder when 667 is divided by 455.
212
Calculate the remainder when 65400 is divided by 393.
162
Calculate the remainder when 90343004 is divided by 1951.
1949
Calculate the remainder when 5157503 is divided by 1719157.
32
Calculate the remainder when 248739773 is divided by 117.
113
Calculate the remainder when 12564942 is divided by 232684.
6
What is the remainder when 1026715 is divided by 102337?
3345
What is the remainder when 1087107 is divided by 1107?
33
Calculate the remainder when 535078 is divided by 580.
318
Calculate the remainder when 804741 is divided by 105.
21
What is the remainder when 135064 is divided by 65219?
4626
What is the remainder when 130039561 is divided by 201?
199
What is the remainder when 83749 is divided by 8725?
5224
What is the remainder when 1726570 is divided by 863280?
10
What is the remainder when 653419 is divided by 1766?
1765
What is the remainder when 50466 is divided by 1589?
1207
Calculate the remainder when 218032 is divided by 108961.
110
What is the remainder when 2085827798 is divided by 56?
54
Calculate the remainder when 7197226 is divided by 26558.
8
What is the remainder when 43145 is divided by 6974?
1301
What is the remainder when 37245086 is divided by 6928?
158
What is the remainder when 646357 is divided by 32315?
57
What is the remainder when 643061 is divided by 519?
20
Calculate the remainder when 183182 is divided by 2012.
90
What is the remainder when 184173190 is divided by 5800?
5790
Calculate the remainder when 233072 is divided by 19418.
56
What is the remainder when 13758816 is divided by 13758799?
17
What is the remainder when 3937274 is divided by 36?
26
Calculate the remainder when 1354285 is divided by 1389.
10
Calculate the remainder when 146968 is divided by 6387.
67
Calculate the remainder when 499844 is divided by 1956.
1064
Calculate the remainder when 2500703 is divided by 288.
287
What is the remainder when 42155253 is divided by 2471?
2464
What is the remainder when 1750489 is divided by 419?
326
What is the remainder when 327764 is divided by 161963?
3838
Calculate the remainder when 50297 is divided by 546.
65
What is the remainder when 39493101 is divided by 1717091?
8
What is the remainder when 995458 is divided by 5052?
214
Calculate the remainder when 815229 is divided by 7275.
429
What is the remainder when 1592915 is divided by 83834?
69
Calculate the remainder when 143691 is divided by 1633.
1620
What is the remainder when 147624 is divided by 731?
693
What is the remainder when 51068 is divided by 3252?
2288
Calculate the remainder when 174687418 is divided by 534.
532
What is the remainder when 196953 is divided by 19649?
463
What is the remainder when 2699185 is divided by 1475?
1410
Calculate the remainder when 14893479 is divided by 70.
69
Calculate the remainder when 3712246 is divided by 83.
71
Calculate the remainder when 845095 is divided by 69.
52
What is the remainder when 168372516 is divided by 18?
12
Calculate the remainder when 435453295 is divided by 54431661.
7
Calculate the remainder when 631202 is divided by 3172.
3146
What is the remainder when 104569 is divided by 16?
9
Calculate the remainder when 290290 is divided by 72535.
150
Calculate the remainder when 279462 is divided by 7966.
652
What is the remainder when 5588504 is divided by 4453?
4442
What is the remainder when 185514 is divided by 7330?
2264
Calculate the remainder when 204084 is divided by 5668.
36
Calculate the remainder when 189697 is divided by 47421.
13
Calculate the remainder when 114205988 is divided by 422985.
38
What is the remainder when 436601 is divided by 39688?
33
Calculate the remainder when 66787 is divided by 5137.
6
Calculate the remainder when 57067 is divided by 28496.
75
What is the remainder when 482331 is divided by 160734?
129
What is the remainder when 195466 is divided by 5747?
68
Calculate the remainder when 46690905 is divided by 379.
0
What is the remainder when 40334318 is divided by 15?
8
What is the remainder when 88903 is divided by 2524?
563
What is the remainder when 1061890 is divided by 353957?
19
Calculate the remainder when 18066 is divided by 1124.
82
What is the remainder when 1601231 is divided by 1601228?
3
What is the remainder when 3763602 is divided by 3045?
3027
Calculate the remainder when 16007184 is divided by 2136.
0
Calculate the remainder when 9570 is divided by 4493.
584
Calculate the remainder when 314086003 is divided by 326.
325
What is the remainder when 1590026 is divided by 117?
113
What is the remainder when 164801168 is divided by 7507?
7504
Calculate the remainder when 3915637 is divided by 1305204.
25
What is the remainder when 14538620 is divided by 468987?
23
Calculate the remainder when 273454818 is divided by 35.
28
Calculate the remainder when 8823875 is divided by 1941.
89
What is the remainder when 426036 is divided by 1291?
6
Calculate the remainder when 67843176 is divided by 14.
2
Calculate the remainder when 4193 is divided by 1.
0
Calculate the remainder when 384983 is divided by 191567.
1849
What is the remainder when 159447 is divided by 113?
4
Calculate the remainder when 302961 is divided by 1930.
1881
What is the remainder when 834 is divided by 834?
0
What is the remainder when 125839 is divided by 363?
241
Calculate the remainder when 28341595 is divided by 95106.
7
What is the remainder when 17360273 is divided by 5786750?
23
Calculate the remainder when 1703323 is divided by 107.
97
What is the remainder when 1089907 is divided by 2422?
7
Calculate the remainder when 174074 is divided by 28910.
614
What is the remainder when 5225068 is divided by 17?
16
What is the remainder when 18888612 is divided by 2657?
2656
Calculate the remainder when 20611 is divided by 2709.
1648
What is the remainder when 53693337 is divided by 624341?
11
What is the remainder when 359418 is divided by 4334?
4030
Calculate the remainder when 206568730 is divided by 8582.
8572
Calculate the remainder when 442366 is divided by 23271.
217
Calculate the remainder when 26137622 is divided by 8.
6
Calculate the remainder when 2197605 is divided by 259.
249
What is the remainder when 11692129 is divided by 826?
99
Calculate the remainder when 7809658 is divided by 129.
127
What is the remainder when 1449097 is divided by 461?
174
Calculate the remainder when 56737 is divided by 54860.
1877
Calculate the remainder when 6853605 is divided by 6853591.
14
What is the remainder when 25017109 is divided by 49637?
61
Calculate the remainder when 187410 is divided by 5344.
370
What is the remainder when 3024623 is divided by 256?
239
What is the remainder when 3783206 is divided by 22519?
14
What is the remainder when 220613 is divided by 18357?
329
Calculate the remainder when 668367976 is divided by 1558.
1556
What is the remainder when 13935338 is divided by 44099?
54
What is the remainder when 45585707 is divided by 7895?
7872
What is the remainder when 310586518 is divided by 31?
29
What is the remainder when 3437246 is divided by 1352?
462
What is the remainder when 303279 is divided by 1379?
1278
What is the remainder when 19363295 is divided by 8386?
21
What is the remainder when 281385 is divided by 281373?
12
What is the remainder when 185618055 is divided by 6?
3
What is the remainder when 1488718 is divided by 1894?
34
What is the remainder when 9171 is divided by 4413?
345
Calculate the remainder when 92833 is divided by 92716.
117
Calculate the remainder when 312657 is divided by 44655.
72
Calculate the remainder when 782682 is divided by 21741.
6
Calculate the remainder when 27399 is divided by 950.
799
Calculate the remainder when 14129383 is divided by 1575.
58
Calculate the remainder when 69456407 is divided by 110.
97
Calculate the remainder when 6884 is divided by 4504.
2380
Calculate the remainder when 693362 is divided by 138672.
2
Calculate the remainder when 1754883 is divided by 149.
110
Calculate the remainder when 6599 is divided by 131.
49
What is the remainder when 7603483 is divided by 144?
139
Calculate the remainder when 1333069 is divided by